0. Determine p(6).
-12
Let s(j) = 3*j - 5. Let g be s(3). Suppose g*p + 5 - 29 = 0. Let q(n) = n**2 - 6*n - 1. Determine q(p).
-1
Let a(o) = -o**2 - 6*o - 5. Suppose 4 = 3*z + 19. Let w = 0 + z. Calculate a(w).
0
Let f = 64 + -59. Let o(d) = d**3 - 3*d**2 - 3*d + 4. Determine o(f).
39
Let y(a) = 12*a**2 - 2*a + 23. Let z(p) = 7*p**2 + 12. Let s(t) = 3*y(t) - 5*z(t). Calculate s(6).
9
Let r(l) be the first derivative of 3*l - l**3 - 3/2*l**2 + 1/4*l**4 + 42. What is r(4)?
7
Suppose -83*k = 37 - 452. Let z(y) = 10*y - 50. Calculate z(k).
0
Suppose -29 = -3*f + 5*m, 16 = 5*f - m - 25. Suppose -h = -3*h - f. Let l(x) = -3*x - 11. Let u(p) = p + 4. Let a(v) = -4*l(v) - 11*u(v). Calculate a(h).
-4
Let p(j) = 2*j + 11. Let y(m) = -m**2 + 3*m - 8. Let z be y(3). Determine p(z).
-5
Suppose 0 = g + w + 2*w - 4, -2*g = -3*w - 17. Let t(u) = u**2 - 2*u - 10. Calculate t(g).
25
Let o(h) = -h**2 + 5*h - 6. Let z = -48 - -48. Suppose z = -0*d + d - 4. Calculate o(d).
-2
Let j = 9711 - 9715. Let v(w) be the second derivative of -w**4/12 - w**3/3 + w**2/2 - w. Determine v(j).
-7
Let u(k) = 3 - 3 - 5 + 2 + k. Let v = -7 + 2. Determine u(v).
-8
Let a(l) be the third derivative of -l**4/8 - l**3 - l**2. Suppose 5 - 33 = -3*o - d, -4*d + 22 = 3*o. Suppose x = h + 7, -2*x = -h - 0*h - o. Give a(h).
6
Let h(t) = -17*t**2 - 11*t - 19. Let w(j) = 20*j**2 + 12*j + 21. Let n(k) = -7*h(k) - 6*w(k). Let d be (-2)/(-6) - (-34)/6. Determine n(d).
1
Suppose 6 = -5*q - 5*g + 1, 2*g - 3 = -q. Let t(c) be the first derivative of c**3/3 + 7*c**2/2 + 4*c + 2. Calculate t(q).
-6
Let s(l) = -l**2 + 4*l - 2. Let u be ((-1)/2)/(25/200). Let h(y) = 2*y**2 - 9*y + 5. Let d(q) = u*h(q) - 9*s(q). Determine d(-4).
14
Let k(p) = p**3 + 3*p**2 + 5*p + 2. Let m(y) = -y**3 - y**2 - 4*y - 2. Let x(r) = 3*k(r) + 2*m(r). Suppose -2*v + 7*v = -5. Let l = v - 5. Give x(l).
-4
Let w(h) = -2*h + h + 1 + 1 + 9. Suppose 152 = -4*g + 176. Calculate w(g).
5
Let i(p) be the first derivative of -7*p**5/120 - 8*p**3 - 13. Let j(l) be the third derivative of i(l). Calculate j(1).
-7
Suppose 5 = 4*i + 5*q + 22, -4*q - 10 = 5*i. Let k(a) = -a**3 - a**2 + 2*a - 2. Determine k(i).
-10
Suppose 0 = 8*z - 73 - 47. Let c = -63 + 42. Let h = c + z. Let y(u) = -4*u - 9. What is y(h)?
15
Let x(b) be the second derivative of b**3/3 - 7*b**2/2 + 25*b + 1. What is x(9)?
11
Suppose 5*h - 5 = 5*p, -5*h + 0*p + 6 = -4*p. Suppose h - 8 = 3*v. Let m(x) = -x. Give m(v).
2
Let m(d) = -1 - 9 + 1 - 2*d. Let x be m(-7). Let z(l) be the third derivative of -l**5/60 + 7*l**4/24 - l**3/3 - 15*l**2 - 3. Calculate z(x).
8
Let j be -3*((-35)/(-14) + (-3)/6). Let d(o) = o**2 + 6*o + 20. Give d(j).
20
Let n be 43/(-86)*(3 + -1)*-15. Let b(s) = 2*s - 23. Determine b(n).
7
Let k be 17 - (3 - (5 + -4)). Suppose s + 1 = -r, s + k = -2*s. Let b(x) = -x - 2. Determine b(r).
-6
Let r(m) = -1 + 9 - m**2 + 6*m - 3. Suppose c = -5*f - 0*c + 145, -c - 95 = -3*f. Suppose -4*j + f = j. What is r(j)?
5
Let l(u) = 7*u**3 + 3*u + 1. Let k be 3/1 - 4 - (-2 - 0). Let f(z) = -z**3 - z. Let x(q) = k*l(q) + 2*f(q). Calculate x(-1).
-5
Let n(w) = -26*w - 86. Let d(v) = 5*v + 17. Let u(h) = -16*d(h) - 3*n(h). Calculate u(-8).
2
Suppose -f + 1 = 0, -55 = -3*r - r + 5*f. Let v be r/(5/((-10)/3)). Let n = v - -8. Let w(k) = k**2 + 2*k. What is w(n)?
0
Suppose 2*o + 61 = -5*d - 70, 5*d + 3*o + 134 = 0. Let l = 27 + d. Let h(x) = 2*x**2 + 0*x**2 + l - 4*x - 2 + 3. Determine h(2).
3
Let u(j) = j**3 - 2*j**2 + 2*j - 1. Let z = 28 - 16. Let g be (1/(-6)*4)/((-8)/z). Calculate u(g).
0
Let o(y) = -3*y**2 + 3*y + 61. Let f(n) = 2*n**2 - n - 2. Let u(r) = -2*f(r) - o(r). Calculate u(0).
-57
Suppose -4*d = -5*p - 41, -3*d - 17 = -6*d + p. Let n(j) = -9*j + 5. Determine n(d).
-31
Let t(n) = -n - 6. Suppose 4*x = -26 + 6, 25 = k - 4*x. Let j(o) = o**3 - 5 - 2*o - 5*o**2 + 0*o - 4*o + 7*o. Let h be j(k). Calculate t(h).
-6
Let c be (1/(-12 + 9))/((-2)/(-6)). Let z(v) = -23*v**2 + 1. What is z(c)?
-22
Let t(w) be the second derivative of -w**5/20 - 2*w**4/3 + 5*w**3/3 + 2*w**2 - 2*w - 87. Give t(-9).
-5
Let j(s) = 59*s - 14. Let g(h) = -h + 1. Let t(r) = -4*g(r) - j(r). Let z(u) = -11*u + 2. Let f(l) = 2*t(l) - 11*z(l). What is f(-2)?
-24
Let n(o) be the third derivative of o**4/12 - 7*o**3/3 - 18*o**2. Give n(7).
0
Let h(q) = q + 1. Let p(s) = -s**2 - 7*s - 5. Let k(l) = -3*h(l) - p(l). Determine k(-3).
-1
Let q(w) be the second derivative of 0 + 2*w + 1/3*w**4 + 1/2*w**2 + 1/2*w**3 + 1/20*w**5. Let s be q(-3). Let t(h) = -7*h**2 + 1. What is t(s)?
-6
Suppose 3*r + 2*o - 20 = 0, -3*r + 3*o = -0*o - 15. Let n(m) = -3 - 3*m + r*m - 4*m + 0. What is n(0)?
-3
Let u = 23 + -18. Let v(z) = -z**2 - 10*z + 16. Let n be v(-11). Let k(q) = -4*q + n*q + 7 - 16. Determine k(u).
-4
Suppose 8 = 6*j - 4. Let d(o) = -2 + j*o**2 - 4*o + 0*o + 4*o - 2*o. Calculate d(-2).
10
Let u(s) = -s**2 - 6*s + 2. Let m = 13 - 1. Let c be (-368)/(-96) + 2/m. Suppose -d + 3*d + 26 = -4*z, -z + 2*d = c. Calculate u(z).
2
Let g(n) = n**3 + 1709*n**2 + 10*n - 1716*n**2 + 2 - 4*n. Determine g(5).
-18
Let u(d) be the second derivative of 5/2*d**2 - 1/6*d**3 + 4*d + 0. Let c = 0 - -5. Give u(c).
0
Let p = -1 - 3. Let l be (p/(-6))/(6/18). Let t(v) = 6*v. Give t(l).
12
Suppose -36 = 4*f + 4*b, 14*f = 16*f - 3*b + 3. Let s(r) = -2*r - 7. Calculate s(f).
5
Let b(q) = 0 + 3*q**2 - q + 3 - 4*q**2. Suppose 4*o + 5 = u, -10 = -5*o - 2*u - 0. What is b(o)?
3
Let p(k) = k**2 - k. Let c(w) = w**3 - 4*w**2 - w - 2. Let z(a) = c(a) - 2*p(a). Determine z(6).
4
Suppose 3*s - 54 = -3*d, -3*s + 7 = -d + s. Let w = 15 - d. Let t(a) = 6*a - 14*a**2 - 2 - 14*a**2 + 29*a**w. Determine t(-5).
-7
Suppose -2*i = -p + 4*p - 4, -2*i = -p - 12. Suppose -i*q + 4*r = -0*r + 26, 33 = -5*q - 3*r. Let h(u) = -u**2 - 6*u + 1. Determine h(q).
1
Suppose -2 - 4 = -2*v. Let t = -55 + 60. Let o(r) = -4 - 2 + t - 3 + 3*r. Calculate o(v).
5
Let j(r) = -7 - 16 + r**2 - 64451*r + 64459*r. Calculate j(-10).
-3
Suppose 5*i + 14 + 46 = 0. Let p be i*1*1/(-3). Let f(r) = r**2 - 4*r. What is f(p)?
0
Let o = -110 + 54. Let c = o + 59. Let p(m) = m + 1. Calculate p(c).
4
Let z be ((-35)/(-10))/((2/2)/(-2)). Let d(h) = h**2 + 5*h - 12. Determine d(z).
2
Let f(c) = -c + 0*c**2 + c**2 + 7*c - 7. Let v(y) = -y**2 - 4*y + 2. Let l be v(-4). Suppose -l*u = i + 9, -14 = -2*u + 4*i - 48. Determine f(u).
0
Let l(s) be the first derivative of s**2 + s + 55. Give l(1).
3
Let h(o) = o**3 + 2*o**2 + o - 6. Let k be h(0). Let q be 7*(-1)/(21/k). Let f(t) = 8*t**2 - 5*t**q - t**2. Calculate f(2).
8
Let a(r) = 2*r - 1. Let u = 42 + -32. Suppose c - 3*c = u. What is a(c)?
-11
Suppose 5*f + 3*r = -23, 3*r + 3 + 0 = 0. Let c(h) = h**3 + 4*h**2 - 3*h - 1. What is c(f)?
11
Let m(t) = -t**3 + t + 3. Let h = -11 + 27. Suppose 3*i + i - 2*a + 8 = 0, 0 = 2*i + 4*a - h. What is m(i)?
3
Let d(a) be the second derivative of a**4/12 - a**3/6 - 19*a**2 + 49*a + 4. Calculate d(0).
-38
Let u = 870 + -875. Let d(o) = o + 9. Give d(u).
4
Let c(r) = r**2 - 1. Let v be c(2). Suppose -6*f = -v*f - 4*b - 6, 0 = -2*b. Let j(t) = f - 3*t + t + 4*t. Calculate j(4).
10
Let w(y) be the second derivative of y**3/6 + 2*y**2 + 73*y. Determine w(7).
11
Let h(c) = c**3 + 5*c**2 + 7*c + 8. Suppose -88 = -11*x - 132. Give h(x).
-4
Let i(b) = 9*b**2 + 5*b + 6. Let m(n) = -9*n**2 - 6*n - 7. Let k(z) = -6*i(z) - 5*m(z). Let y be 0 - ((-9)/3 + -1). Suppose -1 = y*f - 5. Give k(f).
-10
Suppose -2*d = -g + 1, -3*d - 2*g - 12 = -7*g. Let a = 111 - 109. Let i(v) = -a - 2*v - v + 1 + 2*v. What is i(d)?
-2
Let q(y) = -19*y - 33. Let w(a) = 12*a + 22. Let o(c) = -5*q(c) - 8*w(c). Determine o(0).
-11
Suppose -5*r = -6*r - 5*h + 15, 2*r + 26 = 4*h. Let p(j) = 2*j**2 + 4*j - 7. Calculate p(r).
23
Suppose 8*b = 12*b - 12. Let u(c) = 9 - 4*c - c**b + 2*c + 8*c**2 + 0 + c. Determine u(8).
1
Let b(i) = 3*i**2 - 10*i - 1. Let g(d) = d**2 - d - 1. Let w(k) = b(k) - 2*g(k). Determine w(7).
-6
Let m(k) be the first derivative of -k**7/840 - k**6/360 - k**5/60 - k**3/3 - 11. Let w(r) be the third derivative of m(r). What is w(-2)?
8
Let k be (-8)/(-28) + 9/((-315)/(-130)). Let w(s) = -8*s + 21. What is w(k)?
-11
Let o(z) = 10*z**2 - 2*z + 1. Let k(m) = -37*m + 3. Let n be k(3). Let l be (-84)/n - 4/(-18). What is o(l)?
9
Let r(